-308 + 296. Let m = 70 - -32. Let j be m/(-4)*8/y. Calculate the highest common factor of 68 and j.
17
Let v(u) = 8*u**3 - 3*u**2 - u + 1. Let b be v(3). Suppose -b = -2*h + h. Suppose -83*p + 102*p - 323 = 0. What is the greatest common divisor of p and h?
17
Let c = 513 + -298. What is the greatest common divisor of c and 86?
43
Let g = -21 + 25. Let l be 16/(1 - 6/10). Suppose -3*n = n - l. Calculate the highest common factor of g and n.
2
Suppose -4 - 10 = s + 4*z, 3*s = 2*z + 14. Suppose -s*a + 3 + 37 = 0. Calculate the greatest common factor of 50 and a.
10
Suppose -3*s = 132 - 8973. Suppose -5*t - 922 = 4*f - s, 384 = t + 5*f. Let r = t - 220. Calculate the highest common factor of r and 21.
21
Let n(x) = 419*x - 4. Let p(k) = 1048*k - 10. Let i(s) = -12*n(s) + 5*p(s). Let r be i(1). What is the highest common divisor of r and 30?
30
Let a be 11 + -10 + 94/2. What is the highest common factor of 312 and a?
24
Let z = -127 - -267. What is the greatest common divisor of 20 and z?
20
Let q(w) = 2*w**3 - 20*w**2 + 10. Let d be q(11). What is the greatest common factor of 14 and d?
14
Suppose r = 4*r - 6. Let u(k) = k**3 - 13*k**2 - 47*k - 6. Let p be u(16). What is the greatest common factor of r and p?
2
Let k be 51*1 + -1 + -1. Let u(x) = -x**3 + 10*x**2 - 8*x + 2. Let b be u(9). Let o = 18 - b. Calculate the highest common divisor of k and o.
7
Suppose 6*w = 3*w. Suppose -3*j + j + 6 = w. Calculate the highest common divisor of 21 and j.
3
Let f be (6/6)/(1/5) + 0. What is the highest common factor of f and 125?
5
Suppose -x = -3*g + 104, -2*g + 0*x + x = -71. Let m = g - 1. What is the greatest common divisor of m and 32?
32
Let x = 42 + -36. Suppose 7*u = 2*u + 90. Calculate the greatest common factor of u and x.
6
Suppose -11*f + 8*f = -51. Suppose 3 = 5*c - f. Suppose c*a + 4*x = 424, -3 = -2*x - 1. What is the highest common divisor of a and 21?
21
Let d(b) = -9*b - 16. Let q be d(-2). Suppose 88 = 4*r + 5*u - 53, 4*u = -q*r + 72. What is the greatest common divisor of 272 and r?
34
Suppose 5*o + 158 = -v, -4*v - 740 = -2*o - 42. Let h = v - -398. What is the greatest common factor of 90 and h?
45
Let r(c) = 1. Let l(b) = 6*b + 14. Let o(q) = -l(q) - 6*r(q). Let t be o(-5). What is the greatest common divisor of 40 and t?
10
Suppose -4*o - 74 = -170. Suppose 0*v - i = v + 1, -v = -3*i - 11. Suppose v*c - 9 = 15. What is the highest common factor of o and c?
12
Let r(s) = -2*s**3 + s**3 - 8 - 21*s**2 + 20*s**2 + 2*s + 2*s**3. Let c be r(4). What is the highest common factor of c and 4?
4
Suppose 0 = -g - 0*c + 2*c - 1, -3*g + 12 = -c. Suppose g*w - 67 + 15 = 3*z, 2*w = 5*z + 36. What is the highest common factor of w and 2?
2
Suppose 19 - 1 = 3*v. What is the greatest common factor of 18 and v?
6
Let j be 69/(-4 + (6 - 1)). Let k(h) = 2*h + 1. Let l be k(1). Let t be (-2)/l + (-213)/(-9). Calculate the greatest common divisor of j and t.
23
Let q(k) = 14*k + 62. Let m be q(-1). What is the highest common divisor of m and 360?
24
Suppose 0 = 7*g - 1279 - 1661. Calculate the greatest common factor of 56 and g.
28
Suppose 3*i + a = -0*a - 3, 5*i - 2*a = -16. Let h(x) = -4*x**3 + 2*x**2 + x - 4. Let t be h(i). What is the highest common divisor of t and 17?
17
Let l(i) = 4*i + 30. Let x be l(-4). Let w be (-2 + 1/((-2)/x))*-1. Calculate the highest common factor of 54 and w.
9
Suppose -5*r + 7 = -2*b + 5*b, 0 = -3*r + 15. Let g be 7*b/28*-4. What is the highest common factor of 2 and g?
2
Let s(w) = w - 9. Let m be s(14). Suppose -11 = 4*h + m, -5*n = -h - 184. Let z = 3 - -3. What is the highest common factor of n and z?
6
Let g = 958 - 601. What is the highest common divisor of g and 51?
51
Suppose -9 = -3*w, -4*o + 3786 = 2*w - 1908. What is the highest common factor of o and 18?
18
Let d(m) be the third derivative of -m**6/20 - m**5/30 - m**4/24 + m**3/6 - 28*m**2. Let i be d(-1). Calculate the highest common factor of i and 36.
6
Let v(w) = -w**3 - 10*w**2 - 4*w - 16. Suppose x - 32 + 2 = 3*n, -4*x = -5*n - 50. Let a be v(n). What is the greatest common divisor of 8 and a?
8
Let u be (-8)/(-6)*45/10. Suppose 2*x + 110 = 3*r, -u*x + 11*x = -r + 14. Calculate the greatest common factor of r and 374.
34
Suppose 385*c + 2340 = 390*c. What is the greatest common factor of c and 72?
36
Let x(s) = s**3 + 19*s**2 + 15*s - 33. Let j be x(-18). Let k = 417 - 249. Calculate the highest common factor of k and j.
21
Suppose -10534 = 10*s - 1434. Let g be ((-60)/(-75))/((-4)/s). Calculate the greatest common factor of 14 and g.
14
Let x = 17 - 10. Suppose 3*o = 85 + 104. Calculate the greatest common divisor of o and x.
7
Let o(y) = 16*y**2 + 2*y - 1. Let r be o(1). Calculate the highest common divisor of r and 1717.
17
Let u(l) = 4*l**2 + 7*l + 4. Let s be u(-2). Suppose -s + 40 = 2*o. Calculate the greatest common factor of o and 187.
17
Let a = -1804 + 1822. What is the highest common divisor of 2034 and a?
18
Suppose -2*h = -2*i - 3*h + 3, -2*i + 18 = -2*h. Suppose 0 = -2*v + i*k + 4, 0 = -2*v - k + 14. Calculate the greatest common factor of 12 and v.
6
Let g be (-9)/(-60)*4 - 7/(-5). Let s be -1*(g + (-6 - -4) + -32). Calculate the highest common factor of s and 16.
16
Let z = 4806 + -4791. Suppose -4*g = 5*u - 0*u + 1, 0 = -4*g - 3*u + 9. What is the highest common factor of z and g?
3
Let x(o) = -6*o. Let f(d) = -d + 1. Let j(a) = 2*f(a) - x(a). Let v be j(-1). Let h be (1 + -29)*2*v. Calculate the greatest common factor of 14 and h.
14
Let y be (-222)/(-42) - (-6)/(-21). Suppose 0*u + 45 = 4*k + y*u, -5*k - 5*u = -50. Calculate the greatest common divisor of 40 and k.
5
Suppose 41*w = 40*w - 12. Let t = 23 + w. Calculate the highest common factor of t and 1.
1
Let p = -9 - -27. Let g(w) = w - 6*w - 3 - 1 - 2*w. Let q be g(-7). What is the highest common factor of q and p?
9
Suppose o = 15*y - 20*y + 179, -3*y - 2*o + 113 = 0. What is the highest common divisor of 85 and y?
5
Suppose -2835 = -4*z + 5*k, -3*z = -0*z + k - 2150. Let p be 132/(-10)*z/(-22). Calculate the highest common factor of p and 39.
39
Suppose -4*s = 3*r - 9*s - 187, 0 = -3*r - 2*s + 194. Calculate the greatest common factor of r and 80.
16
Let x(v) = 22*v - 6. Let i(j) = -21*j + 5. Let t(g) = -2*i(g) - 3*x(g). Let n be t(-7). Calculate the highest common divisor of 16 and n.
16
Suppose 2*q + 6 = 3*q. Let d be (3/q)/(4/408). What is the greatest common divisor of d and 17?
17
Let v = 0 + 2. Let k be v/(-7) - 117/(-91). Suppose k + 2 = z. Calculate the highest common divisor of z and 1.
1
Let g(b) = 7*b + 6. Let y be g(-4). Let x = -5 - y. Suppose -2*j - 3*j + 340 = 0. Calculate the greatest common factor of x and j.
17
Let n = 727 + -682. What is the greatest common divisor of n and 255?
15
Let s = -84 - -183. What is the greatest common divisor of 11 and s?
11
Let j = -956 - -1076. Let x = -11 + 41. Calculate the greatest common factor of x and j.
30
Let p be (-85186)/(-1719) + 4/9. What is the highest common factor of 125 and p?
25
Let q be (661 - (-1 + 2)) + 3. Suppose 0 = -6*j + 1017 + q. Calculate the highest common factor of 35 and j.
35
Let i be (((-75)/5)/5)/(-1). Suppose -3*m = 2*v - 46, -4*v + 0*m = i*m - 98. What is the greatest common divisor of v and 286?
26
Let r(p) = -72*p - 2. Let l be r(-1). Suppose 2*f = f - l. Let y be (300/f)/(3/(-14)). What is the highest common divisor of 50 and y?
10
Suppose 630 = 80*m - 71*m. What is the greatest common factor of 20 and m?
10
Let o = -989 + 1873. Calculate the highest common factor of 52 and o.
52
Let k(n) = -2*n**3 + 12*n**2 + n + 8. Let d be k(6). Let f = -51 - -107. What is the greatest common factor of d and f?
14
Suppose 2*a - a = -2*n - 129, -4*n = -a + 255. Let f = 112 + n. Let u be 12/5*(5 + 0). Calculate the highest common factor of f and u.
12
Let z = -74 - -98. Calculate the greatest common divisor of z and 12.
12
Suppose 782 = 5*u - 898. Calculate the greatest common divisor of 21 and u.
21
Let s be (-1 + -19)/(2/(-2)). Suppose 3 - 53 = -2*c - 5*f, -c = 2*f - 24. Calculate the greatest common divisor of s and c.
20
Let m(l) = l**3 + 8*l**2 + 5*l + 2. Suppose 3*v = -7 - 14. Let j be m(v). Let q be (9 + -1 + 0)*16. What is the greatest common factor of q and j?
16
Suppose -12*p - 300 = -2172. What